{"id":754,"date":"2024-11-14T15:48:15","date_gmt":"2024-11-14T14:48:15","guid":{"rendered":"https:\/\/energisun.fr\/?page_id=754"},"modified":"2025-10-09T16:58:59","modified_gmt":"2025-10-09T14:58:59","slug":"electricite-generale","status":"publish","type":"page","link":"https:\/\/energisun.fr\/index.php\/electricite-generale\/","title":{"rendered":"\u00c9lectricit\u00e9  G\u00e9n\u00e9rale"},"content":{"rendered":"\t\t<div data-elementor-type=\"wp-page\" data-elementor-id=\"754\" class=\"elementor elementor-754\">\n\t\t\t\t<div class=\"elementor-element elementor-element-4345ff6 e-con-full e-flex e-con e-parent\" data-id=\"4345ff6\" data-element_type=\"container\" data-e-type=\"container\">\n\t\t<div class=\"elementor-element elementor-element-cc6a453 e-con-full e-flex e-con e-child\" data-id=\"cc6a453\" data-element_type=\"container\" data-e-type=\"container\">\n\t\t\t\t<div class=\"elementor-element elementor-element-c71e209 elementor-widget__width-inherit elementor-widget elementor-widget-image\" data-id=\"c71e209\" data-element_type=\"widget\" data-e-type=\"widget\" data-widget_type=\"image.default\">\n\t\t\t\t<div class=\"elementor-widget-container\">\n\t\t\t\t\t\t\t\t\t\t\t\t\t\t\t<img fetchpriority=\"high\" decoding=\"async\" width=\"1786\" height=\"1798\" src=\"https:\/\/energisun.fr\/wp-content\/uploads\/2024\/11\/Capture-decran-2024-11-14-a-15.35.37.png\" class=\"attachment-full size-full wp-image-746\" alt=\"electricit\u00e9 neuf et renovation\" srcset=\"https:\/\/energisun.fr\/wp-content\/uploads\/2024\/11\/Capture-decran-2024-11-14-a-15.35.37.png 1786w, https:\/\/energisun.fr\/wp-content\/uploads\/2024\/11\/Capture-decran-2024-11-14-a-15.35.37-298x300.png 298w, https:\/\/energisun.fr\/wp-content\/uploads\/2024\/11\/Capture-decran-2024-11-14-a-15.35.37-1017x1024.png 1017w, https:\/\/energisun.fr\/wp-content\/uploads\/2024\/11\/Capture-decran-2024-11-14-a-15.35.37-150x150.png 150w, https:\/\/energisun.fr\/wp-content\/uploads\/2024\/11\/Capture-decran-2024-11-14-a-15.35.37-768x773.png 768w, https:\/\/energisun.fr\/wp-content\/uploads\/2024\/11\/Capture-decran-2024-11-14-a-15.35.37-1526x1536.png 1526w\" sizes=\"(max-width: 1786px) 100vw, 1786px\" \/>\t\t\t\t\t\t\t\t\t\t\t\t\t\t\t<\/div>\n\t\t\t\t<\/div>\n\t\t\t\t<\/div>\n\t\t\t\t<\/div>\n\t\t<div class=\"elementor-element elementor-element-df77b0d e-flex e-con-boxed e-con e-parent\" data-id=\"df77b0d\" data-element_type=\"container\" data-e-type=\"container\">\n\t\t\t\t\t<div class=\"e-con-inner\">\n\t\t\t\t<div class=\"elementor-element elementor-element-ca33cac elementor-widget elementor-widget-spacer\" data-id=\"ca33cac\" data-element_type=\"widget\" data-e-type=\"widget\" data-widget_type=\"spacer.default\">\n\t\t\t\t<div class=\"elementor-widget-container\">\n\t\t\t\t\t\t\t<div class=\"elementor-spacer\">\n\t\t\t<div class=\"elementor-spacer-inner\"><\/div>\n\t\t<\/div>\n\t\t\t\t\t\t<\/div>\n\t\t\t\t<\/div>\n\t\t\t\t\t<\/div>\n\t\t\t\t<\/div>\n\t\t<div class=\"elementor-element elementor-element-9206f50 e-flex e-con-boxed e-con e-parent\" data-id=\"9206f50\" data-element_type=\"container\" data-e-type=\"container\">\n\t\t\t\t\t<div class=\"e-con-inner\">\n\t\t\t\t<div class=\"elementor-element elementor-element-2fe6eb9 elementor-widget-divider--view-line elementor-widget elementor-widget-divider\" data-id=\"2fe6eb9\" data-element_type=\"widget\" data-e-type=\"widget\" data-widget_type=\"divider.default\">\n\t\t\t\t<div class=\"elementor-widget-container\">\n\t\t\t\t\t\t\t<div class=\"elementor-divider\">\n\t\t\t<span class=\"elementor-divider-separator\">\n\t\t\t\t\t\t<\/span>\n\t\t<\/div>\n\t\t\t\t\t\t<\/div>\n\t\t\t\t<\/div>\n\t\t\t\t<div class=\"elementor-element elementor-element-48cef3d elementor-widget elementor-widget-text-editor\" data-id=\"48cef3d\" data-element_type=\"widget\" data-e-type=\"widget\" data-widget_type=\"text-editor.default\">\n\t\t\t\t<div class=\"elementor-widget-container\">\n\t\t\t\t\t\t\t\t\t<p>Chez <strong>Energisun<\/strong>, nous proposons des solutions compl\u00e8tes d\u2019\u00e9lectricit\u00e9 g\u00e9n\u00e9rale, tant pour les <strong>maisons neuves<\/strong> que pour les <strong>r\u00e9novations<\/strong>. Forts de notre exp\u00e9rience et de notre expertise, nous vous accompagnons \u00e0 chaque \u00e9tape de votre projet, de la conception \u00e0 la mise en service. Que ce soit pour une installation \u00e9lectrique dans une maison neuve ou pour moderniser l\u2019\u00e9quipement d\u2019une maison existante, nous garantissons des travaux de qualit\u00e9, r\u00e9alis\u00e9s dans les r\u00e8gles de l\u2019art.<\/p><p>Nous intervenons dans tous types de projets, r\u00e9sidentiels ou professionnels, pour r\u00e9pondre \u00e0 tous vos besoins en \u00e9lectricit\u00e9.<\/p>\t\t\t\t\t\t\t\t<\/div>\n\t\t\t\t<\/div>\n\t\t\t\t<div class=\"elementor-element elementor-element-5033c9c elementor-widget-divider--view-line elementor-widget elementor-widget-divider\" data-id=\"5033c9c\" data-element_type=\"widget\" data-e-type=\"widget\" data-widget_type=\"divider.default\">\n\t\t\t\t<div class=\"elementor-widget-container\">\n\t\t\t\t\t\t\t<div class=\"elementor-divider\">\n\t\t\t<span class=\"elementor-divider-separator\">\n\t\t\t\t\t\t<\/span>\n\t\t<\/div>\n\t\t\t\t\t\t<\/div>\n\t\t\t\t<\/div>\n\t\t\t\t\t<\/div>\n\t\t\t\t<\/div>\n\t\t<div class=\"elementor-element elementor-element-aa72080 e-flex e-con-boxed e-con e-parent\" data-id=\"aa72080\" data-element_type=\"container\" data-e-type=\"container\">\n\t\t\t\t\t<div class=\"e-con-inner\">\n\t\t\t\t\t<\/div>\n\t\t\t\t<\/div>\n\t\t<div class=\"elementor-element elementor-element-5f45535 e-flex e-con-boxed e-con e-parent\" data-id=\"5f45535\" data-element_type=\"container\" data-e-type=\"container\">\n\t\t\t\t\t<div class=\"e-con-inner\">\n\t\t\t\t<div class=\"elementor-element elementor-element-8f8ba4a elementor-widget elementor-widget-heading\" data-id=\"8f8ba4a\" data-element_type=\"widget\" data-e-type=\"widget\" data-widget_type=\"heading.default\">\n\t\t\t\t<div class=\"elementor-widget-container\">\n\t\t\t\t\t<h2 class=\"elementor-heading-title elementor-size-default\">\u00c9lectricit\u00e9 dans la Maison Neuve : De A \u00e0 Z<\/h2>\t\t\t\t<\/div>\n\t\t\t\t<\/div>\n\t\t\t\t<div class=\"elementor-element elementor-element-d904b62 elementor-widget elementor-widget-text-editor\" data-id=\"d904b62\" data-element_type=\"widget\" data-e-type=\"widget\" data-widget_type=\"text-editor.default\">\n\t\t\t\t<div class=\"elementor-widget-container\">\n\t\t\t\t\t\t\t\t\t<p>Dans le cadre de la construction de votre maison neuve, <strong>Energisun<\/strong> se charge de l\u2019ensemble de l\u2019installation \u00e9lectrique, de la planification \u00e0 la r\u00e9alisation compl\u00e8te. Nous assurons la conception de votre r\u00e9seau \u00e9lectrique en fonction de vos besoins sp\u00e9cifiques, tout en garantissant la s\u00e9curit\u00e9 et l&#8217;efficacit\u00e9 \u00e9nerg\u00e9tique de votre installation.<\/p><ul><li><strong>Conception sur mesure<\/strong> : Nos experts vous accompagnent d\u00e8s la conception du projet pour d\u00e9finir le sch\u00e9ma de distribution \u00e9lectrique, les besoins en prises, \u00e9clairage, et alimentation des diff\u00e9rents \u00e9quipements.<\/li><li><strong>Installation compl\u00e8te<\/strong> : Nous r\u00e9alisons l\u2019installation du tableau \u00e9lectrique, des c\u00e2blages, des prises et interrupteurs, ainsi que l\u2019int\u00e9gration des \u00e9quipements modernes comme les \u00e9clairages LED, les thermostats connect\u00e9s et les syst\u00e8mes domotiques.<\/li><li><strong>Contr\u00f4le de conformit\u00e9<\/strong> : Nous assurons que votre installation respecte toutes les normes de s\u00e9curit\u00e9 en vigueur, notamment les exigences de la norme <strong>NF C 15-100<\/strong> pour les installations \u00e9lectriques dans les b\u00e2timents.<\/li><\/ul>\t\t\t\t\t\t\t\t<\/div>\n\t\t\t\t<\/div>\n\t\t\t\t<div class=\"elementor-element elementor-element-613c097 elementor-widget elementor-widget-heading\" data-id=\"613c097\" data-element_type=\"widget\" data-e-type=\"widget\" data-widget_type=\"heading.default\">\n\t\t\t\t<div class=\"elementor-widget-container\">\n\t\t\t\t\t<h2 class=\"elementor-heading-title elementor-size-default\">R\u00e9novation \u00c9lectrique : Modernisation de Votre Installation<\/h2>\t\t\t\t<\/div>\n\t\t\t\t<\/div>\n\t\t\t\t<div class=\"elementor-element elementor-element-e6a4558 elementor-widget elementor-widget-text-editor\" data-id=\"e6a4558\" data-element_type=\"widget\" data-e-type=\"widget\" data-widget_type=\"text-editor.default\">\n\t\t\t\t<div class=\"elementor-widget-container\">\n\t\t\t\t\t\t\t\t\t<p>Pour vos projets de r\u00e9novation, <strong>Energisun<\/strong> propose une mise \u00e0 jour compl\u00e8te de votre installation \u00e9lectrique afin de l\u2019adapter aux nouvelles normes et de r\u00e9pondre aux exigences actuelles en termes de s\u00e9curit\u00e9 et de performance. Qu&#8217;il s&#8217;agisse de r\u00e9nover une vieille installation ou d\u2019ajouter de nouveaux \u00e9quipements \u00e0 votre syst\u00e8me existant, nous vous offrons des solutions adapt\u00e9es \u00e0 vos besoins.<\/p><ul><li><strong>Mise \u00e0 jour et conformit\u00e9<\/strong> : Nous remettons en \u00e9tat les anciennes installations pour les rendre conformes aux normes actuelles et \u00e0 la s\u00e9curit\u00e9 \u00e9lectrique.<\/li><li><strong>Extension de l&#8217;installation<\/strong> : Nous pouvons ajouter des prises suppl\u00e9mentaires, de nouveaux circuits pour des \u00e9quipements puissants (chauffage, \u00e9lectrom\u00e9nager), ou encore int\u00e9grer des solutions comme la domotique et la gestion intelligente de l&#8217;\u00e9nergie.<\/li><li><strong>\u00c9conomie d\u2019\u00e9nergie<\/strong> : Nous mettons en \u0153uvre des solutions \u00e9nerg\u00e9tiques performantes pour optimiser votre consommation \u00e9lectrique (\u00e9clairage LED, gestion de l\u2019\u00e9nergie, etc.).<\/li><\/ul>\t\t\t\t\t\t\t\t<\/div>\n\t\t\t\t<\/div>\n\t\t\t\t<div class=\"elementor-element elementor-element-a82268b elementor-widget elementor-widget-heading\" data-id=\"a82268b\" data-element_type=\"widget\" data-e-type=\"widget\" data-widget_type=\"heading.default\">\n\t\t\t\t<div class=\"elementor-widget-container\">\n\t\t\t\t\t<h2 class=\"elementor-heading-title elementor-size-default\">Points Forts de Notre Service \u00c9lectricit\u00e9 G\u00e9n\u00e9rale<\/h2>\t\t\t\t<\/div>\n\t\t\t\t<\/div>\n\t\t\t\t<div class=\"elementor-element elementor-element-30cdbc5 elementor-widget elementor-widget-text-editor\" data-id=\"30cdbc5\" data-element_type=\"widget\" data-e-type=\"widget\" data-widget_type=\"text-editor.default\">\n\t\t\t\t<div class=\"elementor-widget-container\">\n\t\t\t\t\t\t\t\t\t<h4><strong>\u00a0Expertise et Professionnalisme<\/strong><\/h4><p>Notre \u00e9quipe d&#8217;\u00e9lectriciens certifi\u00e9s et exp\u00e9riment\u00e9s garantit un travail soign\u00e9 et respectueux des normes de s\u00e9curit\u00e9. Avec <strong>Energisun<\/strong>, vous b\u00e9n\u00e9ficiez de l\u2019expertise n\u00e9cessaire pour r\u00e9ussir vos projets d&#8217;\u00e9lectricit\u00e9 g\u00e9n\u00e9rale, que ce soit pour une maison neuve ou une r\u00e9novation.<\/p><h4><strong>\u00a0Solutions Personnalis\u00e9es<\/strong><\/h4><p>Chaque projet est unique. Nous nous adaptons \u00e0 vos besoins et vous proposons des solutions personnalis\u00e9es, qu\u2019il s\u2019agisse de l\u2019installation compl\u00e8te dans une maison neuve ou de la modernisation d\u2019une installation existante. Notre priorit\u00e9 est de satisfaire vos exigences tout en respectant votre budget.<\/p><h4>Service Apr\u00e8s-Vente R\u00e9actif et Efficace<\/h4><p>Nous restons disponibles pour toutes les questions et interventions n\u00e9cessaires apr\u00e8s l&#8217;installation. Notre service apr\u00e8s-vente r\u00e9actif et attentif garantit un suivi optimal, vous assurant ainsi tranquillit\u00e9 d&#8217;esprit pour vos installations \u00e9lectriques.<\/p><h4><strong>\u00a0Devis sans surprise<\/strong><\/h4><p>Nos devis sont \u00e9labor\u00e9s en toute transparence, en \u00e9troite collaboration avec vous.<\/p>\t\t\t\t\t\t\t\t<\/div>\n\t\t\t\t<\/div>\n\t\t\t\t<div class=\"elementor-element elementor-element-697a9e4 elementor-widget elementor-widget-heading\" data-id=\"697a9e4\" data-element_type=\"widget\" data-e-type=\"widget\" data-widget_type=\"heading.default\">\n\t\t\t\t<div class=\"elementor-widget-container\">\n\t\t\t\t\t<h2 class=\"elementor-heading-title elementor-size-default\">Nos Services d'\u00c9lectricit\u00e9 G\u00e9n\u00e9rale :<\/h2>\t\t\t\t<\/div>\n\t\t\t\t<\/div>\n\t\t\t\t<div class=\"elementor-element elementor-element-c563416 elementor-widget elementor-widget-text-editor\" data-id=\"c563416\" data-element_type=\"widget\" data-e-type=\"widget\" data-widget_type=\"text-editor.default\">\n\t\t\t\t<div class=\"elementor-widget-container\">\n\t\t\t\t\t\t\t\t\t<ul><li><strong>Installation \u00e9lectrique compl\u00e8te<\/strong> : De la cr\u00e9ation du r\u00e9seau \u00e0 la mise en service, nous nous occupons de toute l\u2019\u00e9lectricit\u00e9 dans votre maison neuve.<\/li><li><strong>Mise aux normes et r\u00e9novation<\/strong> : Mise \u00e0 jour des anciennes installations pour les rendre conformes aux nouvelles normes et garantir votre s\u00e9curit\u00e9.<\/li><li><strong>Domotique et gestion intelligente de l\u2019\u00e9nergie<\/strong> : Nous proposons l\u2019int\u00e9gration de syst\u00e8mes domotiques pour g\u00e9rer efficacement votre \u00e9clairage, chauffage et \u00e9quipements \u00e9lectrom\u00e9nagers.<\/li><li><strong>Installation de panneaux photovolta\u00efques<\/strong> : Nous int\u00e9grons l\u2019\u00e9lectricit\u00e9 solaire \u00e0 vos installations pour une consommation d\u2019\u00e9nergie plus autonome et \u00e9conomique.<\/li><\/ul>\t\t\t\t\t\t\t\t<\/div>\n\t\t\t\t<\/div>\n\t\t\t\t<div class=\"elementor-element elementor-element-c0fe1f0 elementor-widget elementor-widget-heading\" data-id=\"c0fe1f0\" data-element_type=\"widget\" data-e-type=\"widget\" data-widget_type=\"heading.default\">\n\t\t\t\t<div class=\"elementor-widget-container\">\n\t\t\t\t\t<h2 class=\"elementor-heading-title elementor-size-default\">Pourquoi Choisir Energisun pour Votre \u00c9lectricit\u00e9 G\u00e9n\u00e9rale ?<\/h2>\t\t\t\t<\/div>\n\t\t\t\t<\/div>\n\t\t\t\t<div class=\"elementor-element elementor-element-4f9a6e6 elementor-widget elementor-widget-text-editor\" data-id=\"4f9a6e6\" data-element_type=\"widget\" data-e-type=\"widget\" data-widget_type=\"text-editor.default\">\n\t\t\t\t<div class=\"elementor-widget-container\">\n\t\t\t\t\t\t\t\t\t<p>Chez <strong>Energisun<\/strong>, nous nous engageons \u00e0 vous offrir un service de qualit\u00e9, sur mesure, et respectueux de vos d\u00e9lais. Notre exp\u00e9rience dans l&#8217;\u00e9lectricit\u00e9 g\u00e9n\u00e9rale, associ\u00e9e \u00e0 notre savoir-faire en \u00e9nergies renouvelables, nous permet de vous offrir des solutions globales adapt\u00e9es \u00e0 vos projets de construction ou de r\u00e9novation.<\/p><ul><li><strong>Accompagnement personnalis\u00e9<\/strong> : Nous sommes \u00e0 votre \u00e9coute pour comprendre vos besoins et vous fournir des conseils adapt\u00e9s.<\/li><li><strong>Professionnalisme garanti<\/strong> : Tous nos travaux sont r\u00e9alis\u00e9s par des \u00e9lectriciens qualifi\u00e9s et certifi\u00e9s, dans le respect des normes de s\u00e9curit\u00e9.<\/li><li><strong>Solutions \u00e9cologiques<\/strong> : Nous int\u00e9grons des \u00e9quipements \u00e9conomiques et \u00e9cologiques dans toutes nos installations, vous permettant de r\u00e9duire votre empreinte carbone.<\/li><\/ul>\t\t\t\t\t\t\t\t<\/div>\n\t\t\t\t<\/div>\n\t\t<div class=\"elementor-element elementor-element-d2d6051 e-con-full e-flex e-con e-child\" data-id=\"d2d6051\" data-element_type=\"container\" data-e-type=\"container\">\n\t\t\t\t<div class=\"elementor-element elementor-element-8b6d341 elementor-widget elementor-widget-heading\" data-id=\"8b6d341\" data-element_type=\"widget\" data-e-type=\"widget\" data-widget_type=\"heading.default\">\n\t\t\t\t<div class=\"elementor-widget-container\">\n\t\t\t\t\t<h2 class=\"elementor-heading-title elementor-size-default\">Entretien de votre tableau \u00e9lectrique en Nouvelle-Aquitaine<\/h2>\t\t\t\t<\/div>\n\t\t\t\t<\/div>\n\t\t\t\t<\/div>\n\t\t\t\t<div class=\"elementor-element elementor-element-62d0a88 elementor-widget elementor-widget-text-editor\" data-id=\"62d0a88\" data-element_type=\"widget\" data-e-type=\"widget\" data-widget_type=\"text-editor.default\">\n\t\t\t\t<div class=\"elementor-widget-container\">\n\t\t\t\t\t\t\t\t\t<p>Un entretien r\u00e9gulier de votre tableau \u00e9lectrique garantit la <strong data-start=\"642\" data-end=\"654\">s\u00e9curit\u00e9<\/strong>, la <strong data-start=\"659\" data-end=\"672\">fiabilit\u00e9<\/strong> et la <strong data-start=\"679\" data-end=\"693\">durabilit\u00e9<\/strong> de votre installation.<br data-start=\"716\" data-end=\"719\" \/>Chez <strong data-start=\"724\" data-end=\"737\">Energisun<\/strong>, nos techniciens qualifi\u00e9s interviennent sur tout type de tableau (monophas\u00e9, triphas\u00e9, r\u00e9sidentiel ou professionnel).<\/p><p data-start=\"863\" data-end=\"903\">Nos prestations comprennent :<\/p><ul><li data-start=\"863\" data-end=\"903\">V\u00e9rification du resserrage des connexions (pr\u00e9vention des \u00e9chauffements)<\/li><li>Contr\u00f4le du bon fonctionnement des disjoncteurs et diff\u00e9rentiel<\/li><li>Nettoyage complet du coffret (poussi\u00e8re, humidit\u00e9, corrosion)<\/li><li>Test de la continuit\u00e9 de la terre et mesure des tensions<\/li><li>Contr\u00f4le de conformit\u00e9 selon la norme NF C 15-100<\/li><\/ul><p>\ud83d\udd38 Pour les professionnels et ERP, un contr\u00f4le annuel est recommand\u00e9.<br data-start=\"1640\" data-end=\"1643\" \/>\ud83d\udd38 Pour les particuliers, tous les 2 \u00e0 5 ans selon l\u2019usage et l\u2019environnement.<\/p><p>\u00a0<\/p><p>\u00a0<\/p><p>\u00a0<\/p>\t\t\t\t\t\t\t\t<\/div>\n\t\t\t\t<\/div>\n\t\t\t\t\t<\/div>\n\t\t\t\t<\/div>\n\t\t\t\t<\/div>\n\t\t","protected":false},"excerpt":{"rendered":"<p>Chez Energisun, nous proposons des solutions compl\u00e8tes d\u2019\u00e9lectricit\u00e9 g\u00e9n\u00e9rale, tant pour les maisons neuves que pour les r\u00e9novations. Forts de notre exp\u00e9rience et de notre expertise, nous vous accompagnons \u00e0 chaque \u00e9tape de votre projet, de la conception \u00e0 la mise en service. Que ce soit pour une installation \u00e9lectrique dans une maison neuve ou [&hellip;]<\/p>\n","protected":false},"author":1,"featured_media":0,"parent":0,"menu_order":0,"comment_status":"closed","ping_status":"closed","template":"","meta":{"_seopress_robots_primary_cat":"","_seopress_titles_title":"","_seopress_titles_desc":"Entreprise d\u2019\u00e9lectricit\u00e9 G\u00e9n\u00e9rale . Neuf et r\u00e9novation .","_seopress_robots_index":"","ocean_post_layout":"","ocean_both_sidebars_style":"","ocean_both_sidebars_content_width":0,"ocean_both_sidebars_sidebars_width":0,"ocean_sidebar":"","ocean_second_sidebar":"","ocean_disable_margins":"enable","ocean_add_body_class":"","ocean_shortcode_before_top_bar":"","ocean_shortcode_after_top_bar":"","ocean_shortcode_before_header":"","ocean_shortcode_after_header":"","ocean_has_shortcode":"","ocean_shortcode_after_title":"","ocean_shortcode_before_footer_widgets":"","ocean_shortcode_after_footer_widgets":"","ocean_shortcode_before_footer_bottom":"","ocean_shortcode_after_footer_bottom":"","ocean_display_top_bar":"default","ocean_display_header":"default","ocean_header_style":"","ocean_center_header_left_menu":"","ocean_custom_header_template":"","ocean_custom_logo":0,"ocean_custom_retina_logo":0,"ocean_custom_logo_max_width":0,"ocean_custom_logo_tablet_max_width":0,"ocean_custom_logo_mobile_max_width":0,"ocean_custom_logo_max_height":0,"ocean_custom_logo_tablet_max_height":0,"ocean_custom_logo_mobile_max_height":0,"ocean_header_custom_menu":"","ocean_menu_typo_font_family":"","ocean_menu_typo_font_subset":"","ocean_menu_typo_font_size":0,"ocean_menu_typo_font_size_tablet":0,"ocean_menu_typo_font_size_mobile":0,"ocean_menu_typo_font_size_unit":"px","ocean_menu_typo_font_weight":"","ocean_menu_typo_font_weight_tablet":"","ocean_menu_typo_font_weight_mobile":"","ocean_menu_typo_transform":"","ocean_menu_typo_transform_tablet":"","ocean_menu_typo_transform_mobile":"","ocean_menu_typo_line_height":0,"ocean_menu_typo_line_height_tablet":0,"ocean_menu_typo_line_height_mobile":0,"ocean_menu_typo_line_height_unit":"","ocean_menu_typo_spacing":0,"ocean_menu_typo_spacing_tablet":0,"ocean_menu_typo_spacing_mobile":0,"ocean_menu_typo_spacing_unit":"","ocean_menu_link_color":"","ocean_menu_link_color_hover":"","ocean_menu_link_color_active":"","ocean_menu_link_background":"","ocean_menu_link_hover_background":"","ocean_menu_link_active_background":"","ocean_menu_social_links_bg":"","ocean_menu_social_hover_links_bg":"","ocean_menu_social_links_color":"","ocean_menu_social_hover_links_color":"","ocean_disable_title":"default","ocean_disable_heading":"default","ocean_post_title":"","ocean_post_subheading":"","ocean_post_title_style":"","ocean_post_title_background_color":"","ocean_post_title_background":0,"ocean_post_title_bg_image_position":"","ocean_post_title_bg_image_attachment":"","ocean_post_title_bg_image_repeat":"","ocean_post_title_bg_image_size":"","ocean_post_title_height":0,"ocean_post_title_bg_overlay":0.5,"ocean_post_title_bg_overlay_color":"","ocean_disable_breadcrumbs":"default","ocean_breadcrumbs_color":"","ocean_breadcrumbs_separator_color":"","ocean_breadcrumbs_links_color":"","ocean_breadcrumbs_links_hover_color":"","ocean_display_footer_widgets":"default","ocean_display_footer_bottom":"default","ocean_custom_footer_template":"","footnotes":""},"class_list":["post-754","page","type-page","status-publish","hentry","entry"],"_links":{"self":[{"href":"https:\/\/energisun.fr\/index.php\/wp-json\/wp\/v2\/pages\/754","targetHints":{"allow":["GET"]}}],"collection":[{"href":"https:\/\/energisun.fr\/index.php\/wp-json\/wp\/v2\/pages"}],"about":[{"href":"https:\/\/energisun.fr\/index.php\/wp-json\/wp\/v2\/types\/page"}],"author":[{"embeddable":true,"href":"https:\/\/energisun.fr\/index.php\/wp-json\/wp\/v2\/users\/1"}],"replies":[{"embeddable":true,"href":"https:\/\/energisun.fr\/index.php\/wp-json\/wp\/v2\/comments?post=754"}],"version-history":[{"count":21,"href":"https:\/\/energisun.fr\/index.php\/wp-json\/wp\/v2\/pages\/754\/revisions"}],"predecessor-version":[{"id":827,"href":"https:\/\/energisun.fr\/index.php\/wp-json\/wp\/v2\/pages\/754\/revisions\/827"}],"wp:attachment":[{"href":"https:\/\/energisun.fr\/index.php\/wp-json\/wp\/v2\/media?parent=754"}],"curies":[{"name":"wp","href":"https:\/\/api.w.org\/{rel}","templated":true}]}}